{"id":1982,"date":"2024-06-20T07:23:40","date_gmt":"2024-06-20T10:23:40","guid":{"rendered":"https:\/\/pruebas.cbkexpat.com\/?page_id=1982"},"modified":"2024-07-04T10:07:30","modified_gmt":"2024-07-04T13:07:30","slug":"overons-in-spanje-deutsch","status":"publish","type":"page","link":"https:\/\/cbkexpat.com\/index.php\/de\/overons-in-spanje-deutsch\/","title":{"rendered":"Overons-in-spanje-deutsch"},"content":{"rendered":"<p>[et_pb_section fb_built=\u00bb1&#8243; admin_label=\u00bbHero\u00bb _builder_version=\u00bb4.25.2&#8243; background_color=\u00bbrgba(6,2,25,0.47)\u00bb background_image=\u00bbhttps:\/\/cbkexpat.com\/wp-content\/uploads\/2024\/06\/banner-ins2.jpg\u00bb parallax=\u00bbon\u00bb height=\u00bb613px\u00bb custom_margin=\u00bb0px||0px||false|false\u00bb custom_padding=\u00bb0px|0px|0px|0px|false|false\u00bb bottom_divider_style=\u00bbasymmetric3&#8243; bottom_divider_color=\u00bb#ffffff\u00bb global_colors_info=\u00bb{}\u00bb][et_pb_row use_custom_gutter=\u00bbon\u00bb make_equal=\u00bbon\u00bb admin_label=\u00bbFila\u00bb _builder_version=\u00bb4.25.2&#8243; background_color=\u00bbrgba(10,10,10,0.4)\u00bb width=\u00bb100%\u00bb max_width=\u00bb100%\u00bb height=\u00bb100%\u00bb max_height=\u00bb100%\u00bb custom_margin=\u00bb0px||0px||false|false\u00bb custom_padding=\u00bb0px||0px||false|false\u00bb global_colors_info=\u00bb{}\u00bb][et_pb_column type=\u00bb4_4&#8243; _builder_version=\u00bb4.25.2&#8243; custom_padding=\u00bb|||0px|false|false\u00bb global_colors_info=\u00bb{}\u00bb custom_padding__hover=\u00bb|||\u00bb][et_pb_heading title=\u00bb\u00dcber uns\u00bb _builder_version=\u00bb4.25.2&#8243; _module_preset=\u00bbdefault\u00bb title_text_align=\u00bbcenter\u00bb title_text_color=\u00bb#FFFFFF\u00bb title_font_size=\u00bb4vw\u00bb custom_margin=\u00bb200px||||false|false\u00bb hover_enabled=\u00bb0&#8243; title_font_size_tablet=\u00bb8vw\u00bb title_font_size_phone=\u00bb12vw\u00bb title_font_size_last_edited=\u00bbon|tablet\u00bb global_colors_info=\u00bb{}\u00bb sticky_enabled=\u00bb0&#8243;][\/et_pb_heading][\/et_pb_column][\/et_pb_row][\/et_pb_section][et_pb_section fb_built=\u00bb1&#8243; admin_label=\u00bbPolicies\u00bb _builder_version=\u00bb4.25.2&#8243; background_color=\u00bbrgba(255,255,255,0)\u00bb custom_margin=\u00bb0px||0px||false|false\u00bb custom_margin_tablet=\u00bb||||false|false\u00bb custom_margin_phone=\u00bb||||false|false\u00bb custom_margin_last_edited=\u00bbon|phone\u00bb custom_padding=\u00bb3px||0px||false|false\u00bb global_colors_info=\u00bb{}\u00bb][et_pb_row column_structure=\u00bb1_2,1_2&#8243; _builder_version=\u00bb4.25.2&#8243; background_color=\u00bb#46b79c\u00bb width=\u00bb60%\u00bb width_tablet=\u00bb80%\u00bb width_phone=\u00bb80%\u00bb width_last_edited=\u00bbon|tablet\u00bb module_alignment=\u00bbcenter\u00bb custom_margin=\u00bb0px||||false|false\u00bb custom_margin_tablet=\u00bb\u00bb custom_margin_phone=\u00bb|||40px|false|false\u00bb custom_margin_last_edited=\u00bbon|phone\u00bb custom_padding=\u00bb||||false|false\u00bb border_radii=\u00bbon|10px|10px|10px|10px\u00bb border_color_all=\u00bbRGBA(255,255,255,0)\u00bb box_shadow_style=\u00bbpreset1&#8243; global_colors_info=\u00bb{}\u00bb][et_pb_column type=\u00bb1_2&#8243; _builder_version=\u00bb4.25.2&#8243; positioning=\u00bbnone\u00bb z_index=\u00bb5&#8243; custom_padding=\u00bb||||false|false\u00bb global_colors_info=\u00bb{}\u00bb custom_padding__hover=\u00bb|||\u00bb][et_pb_image src=\u00bbhttps:\/\/cbkexpat.com\/wp-content\/uploads\/2024\/06\/Nederlands-Verzekeringskantoor-in-Spanje.jpg\u00bb title_text=\u00bbNederlands-Verzekeringskantoor-in-Spanje\u00bb force_fullwidth=\u00bbon\u00bb _builder_version=\u00bb4.25.2&#8243; _module_preset=\u00bbdefault\u00bb background_enable_image=\u00bboff\u00bb height=\u00bb100%\u00bb global_colors_info=\u00bb{}\u00bb][\/et_pb_image][\/et_pb_column][et_pb_column type=\u00bb1_2&#8243; _builder_version=\u00bb4.25.2&#8243; _module_preset=\u00bbdefault\u00bb background_enable_color=\u00bboff\u00bb custom_padding=\u00bb22px||||false|false\u00bb global_colors_info=\u00bb{}\u00bb][et_pb_heading title=\u00bbVersicherung in Spanien\u00bb _builder_version=\u00bb4.25.2&#8243; _module_preset=\u00bbdefault\u00bb title_text_align=\u00bbleft\u00bb title_text_color=\u00bb#FFFFFF\u00bb title_font_size=\u00bb2.3vw\u00bb custom_margin=\u00bb|0.4vw||0.4vw|false|true\u00bb custom_margin_tablet=\u00bb1vw|1.4vw||1.4vw|false|true\u00bb custom_margin_phone=\u00bb-20px||||false|false\u00bb custom_margin_last_edited=\u00bbon|tablet\u00bb custom_padding=\u00bb||||false|false\u00bb hover_enabled=\u00bb0&#8243; title_font_size_tablet=\u00bb4.6vw\u00bb title_font_size_phone=\u00bb9.2vw\u00bb title_font_size_last_edited=\u00bbon|phone\u00bb global_colors_info=\u00bb{}\u00bb sticky_enabled=\u00bb0&#8243;][\/et_pb_heading][et_pb_text _builder_version=\u00bb4.25.2&#8243; _module_preset=\u00bbdefault\u00bb text_text_color=\u00bb#FFFFFF\u00bb text_font_size=\u00bb1vw\u00bb text_line_height=\u00bb1.2em\u00bb custom_margin=\u00bb|0.5vw||0.5vw|false|true\u00bb custom_margin_tablet=\u00bb-10px|||2vw|false|false\u00bb custom_margin_phone=\u00bb-10px|||4vw|false|false\u00bb custom_margin_last_edited=\u00bbon|desktop\u00bb custom_padding=\u00bb||1vw||false|false\u00bb hover_enabled=\u00bb0&#8243; text_font_size_tablet=\u00bb3vw\u00bb text_font_size_phone=\u00bb6vw\u00bb text_font_size_last_edited=\u00bbon|phone\u00bb global_colors_info=\u00bb{}\u00bb sticky_enabled=\u00bb0&#8243;]<\/p>\n<p>Bei CBK EXPAT wissen wir, wie wichtig Ihnen Ihr Eigentum, Ihre Gesundheit und Ihre sonstigen Situationen im Alltag\u00a0 sind &#8211; deshalb widmen wir uns Tag f\u00fcr Tag dem Schutz und der Verteidigung Ihrer Interessen.<\/p>\n<p>Dies macht uns zum bevorzugten Versicherungsmakler in Spanien. Wir haben viele Kunden an der Costa Blanca, auf den Balearen, an der Costa Brava und Costa del Sol, Almeria, Murcia, Valencia und Castell\u00f3n.<\/p>\n<p>[\/et_pb_text][\/et_pb_column][\/et_pb_row][\/et_pb_section][et_pb_section fb_built=\u00bb1&#8243; admin_label=\u00bbBundles\u00bb _builder_version=\u00bb4.25.2&#8243; background_color=\u00bbrgba(214,214,214,0.15)\u00bb custom_margin=\u00bb0px||0px||false|false\u00bb custom_padding=\u00bb1px||40px||false|false\u00bb top_divider_style=\u00bbarrow3&#8243; top_divider_color=\u00bbrgba(70,183,156,0.39)\u00bb locked=\u00bboff\u00bb global_colors_info=\u00bb{}\u00bb][et_pb_row column_structure=\u00bb1_3,1_3,1_3&#8243; use_custom_gutter=\u00bbon\u00bb gutter_width=\u00bb2&#8243; make_equal=\u00bbon\u00bb _builder_version=\u00bb4.25.2&#8243; width=\u00bb50%\u00bb width_tablet=\u00bb80%\u00bb width_phone=\u00bb90%\u00bb width_last_edited=\u00bbon|tablet\u00bb module_alignment=\u00bbcenter\u00bb custom_margin=\u00bb120px||0px||false|false\u00bb custom_margin_tablet=\u00bb\u00bb custom_margin_phone=\u00bb|||40px|false|false\u00bb custom_margin_last_edited=\u00bbon|tablet\u00bb custom_padding=\u00bb0px||0px|0px|false|false\u00bb locked=\u00bboff\u00bb global_colors_info=\u00bb{}\u00bb][et_pb_column type=\u00bb1_3&#8243; _builder_version=\u00bb4.25.2&#8243; custom_padding=\u00bb5px|1vw|5px|1vw|false|true\u00bb border_radii=\u00bbon|5px|5px|5px|5px\u00bb border_width_all=\u00bb1px\u00bb border_color_all=\u00bb#46b79c\u00bb global_colors_info=\u00bb{}\u00bb custom_padding__hover=\u00bb|||\u00bb][et_pb_icon font_icon=\u00bb&#xf406;||fa||900&#8243; icon_color=\u00bb#46b79c\u00bb icon_width=\u00bb4vw\u00bb icon_width_tablet=\u00bb8vw\u00bb icon_width_phone=\u00bb16vw\u00bb icon_width_last_edited=\u00bbon|phone\u00bb _builder_version=\u00bb4.25.2&#8243; _module_preset=\u00bbdefault\u00bb global_colors_info=\u00bb{}\u00bb][\/et_pb_icon][et_pb_heading title=\u00bbSpezialisten\u00bb _builder_version=\u00bb4.25.2&#8243; _module_preset=\u00bbdefault\u00bb title_text_align=\u00bbcenter\u00bb title_font_size=\u00bb2vw\u00bb module_alignment=\u00bbleft\u00bb hover_enabled=\u00bb0&#8243; title_font_size_tablet=\u00bb4vw\u00bb title_font_size_phone=\u00bb8vw\u00bb title_font_size_last_edited=\u00bbon|phone\u00bb global_colors_info=\u00bb{}\u00bb sticky_enabled=\u00bb0&#8243;][\/et_pb_heading][et_pb_text _builder_version=\u00bb4.25.2&#8243; _module_preset=\u00bbdefault\u00bb text_font_size=\u00bb0.9vw\u00bb text_line_height=\u00bb1.6em\u00bb text_font_size_tablet=\u00bb2.5vw\u00bb text_font_size_phone=\u00bb5vw\u00bb text_font_size_last_edited=\u00bbon|desktop\u00bb global_colors_info=\u00bb{}\u00bb]<\/p>\n<div id=\"xs-col-0c56e850\" class=\"fw-col-md-4     xs-sc-0c56e850   text-center \">\n<div class=\"fw-main-row\">\n<div class=\"fw-col-inner\">\n<div class=\"ts-feature-box \">\n<div class=\"ts-feature-info\">\n<div class=\"feature-content\">\n<p><span>Seit unseren Anf\u00e4ngen als Versicherungsagenten im Jahr 1990 und dem Jahr 2000, als wir Versicherungsmakler wurden bis heute sind wir Spezialisten f\u00fcr Versicherungen f\u00fcr europ\u00e4ische Einwohner und Eigent\u00fcmer aus Deutschland, Niederlanden, Belgien, Schweiz, Frankreich, \u00d6sterreich und aus nordischen L\u00e4ndern wie Norwegen, Schweden, D\u00e4nemark oder Finnland.<\/span><\/p>\n<\/div>\n<\/div>\n<\/div>\n<\/div>\n<\/div>\n<\/div>\n<div class=\"fw-col-inner\">\n<div id=\"xs-col-e9014ef7\" class=\"fw-col-md-4     xs-sc-e9014ef7   text-center \">\n<div class=\"fw-main-row\">\n<div class=\"fw-col-inner\">\n<div class=\"ts-feature-box \">\n<div class=\"ts-feature-info\"><\/div>\n<\/div>\n<\/div>\n<\/div>\n<\/div>\n<\/div>\n<p>[\/et_pb_text][\/et_pb_column][et_pb_column type=\u00bb1_3&#8243; _builder_version=\u00bb4.16&#8243; custom_padding=\u00bb5px|1vw|5px|1vw|false|true\u00bb border_radii=\u00bbon|5px|5px|5px|5px\u00bb border_width_all=\u00bb1px\u00bb border_color_all=\u00bb#46b79c\u00bb global_colors_info=\u00bb{}\u00bb custom_padding__hover=\u00bb|||\u00bb][et_pb_icon font_icon=\u00bb&#xf0c0;||fa||900&#8243; icon_color=\u00bb#46b79c\u00bb icon_width=\u00bb4vw\u00bb icon_width_tablet=\u00bb8vw\u00bb icon_width_phone=\u00bb16vw\u00bb icon_width_last_edited=\u00bbon|phone\u00bb _builder_version=\u00bb4.25.2&#8243; _module_preset=\u00bbdefault\u00bb global_colors_info=\u00bb{}\u00bb][\/et_pb_icon][et_pb_heading title=\u00bbUnser Team\u00bb _builder_version=\u00bb4.25.2&#8243; _module_preset=\u00bbdefault\u00bb title_text_align=\u00bbcenter\u00bb title_font_size=\u00bb2vw\u00bb module_alignment=\u00bbleft\u00bb hover_enabled=\u00bb0&#8243; title_font_size_tablet=\u00bb4vw\u00bb title_font_size_phone=\u00bb8vw\u00bb title_font_size_last_edited=\u00bbon|phone\u00bb global_colors_info=\u00bb{}\u00bb sticky_enabled=\u00bb0&#8243;][\/et_pb_heading][et_pb_text _builder_version=\u00bb4.25.2&#8243; _module_preset=\u00bbdefault\u00bb text_font_size=\u00bb0.9vw\u00bb text_line_height=\u00bb1.6em\u00bb hover_enabled=\u00bb0&#8243; text_font_size_tablet=\u00bb2.5vw\u00bb text_font_size_phone=\u00bb5vw\u00bb text_font_size_last_edited=\u00bbon|tablet\u00bb global_colors_info=\u00bb{}\u00bb sticky_enabled=\u00bb0&#8243;]<\/p>\n<div id=\"xs-col-e9014ef7\" class=\"fw-col-md-4     xs-sc-e9014ef7   text-center \">\n<div class=\"fw-main-row\">\n<div class=\"fw-col-inner\">\n<div class=\"ts-feature-box \">\n<div class=\"ts-feature-info\">\n<div class=\"feature-content\">\n<p><span>Unser Team von Mitarbeitern bietet unseren Kunden einen umfassenden Service in Deutsch, Niederl\u00e4ndisch, Franz\u00f6sisch, Englisch, Norwegisch und Schwedisch. Wir haben das notwendige Verst\u00e4ndnis f\u00fcr all Ihre Bed\u00fcrfnisse und Anliegen. Wir unterst\u00fctzen Sie bei Ihren Reklamationen und begleiten Sie bei der gesamten Bearbeitung und Verteidigung Ihrer Interessen vor den Gesellschaften.<\/span><\/p>\n<\/div>\n<\/div>\n<\/div>\n<\/div>\n<\/div>\n<\/div>\n<div class=\"fw-col-inner\">\n<div id=\"xs-col-760a101c\" class=\"fw-col-md-4     xs-sc-760a101c   text-center \">\n<div class=\"fw-main-row\">\n<div class=\"fw-col-inner\">\n<div class=\"ts-feature-box \">\n<div class=\"ts-feature-info\"><\/div>\n<\/div>\n<\/div>\n<\/div>\n<\/div>\n<\/div>\n<p>[\/et_pb_text][\/et_pb_column][et_pb_column type=\u00bb1_3&#8243; _builder_version=\u00bb4.16&#8243; custom_padding=\u00bb5px|1vw|5px|1vw|false|true\u00bb border_radii=\u00bbon|5px|5px|5px|5px\u00bb border_width_all=\u00bb1px\u00bb border_color_all=\u00bb#46b79c\u00bb global_colors_info=\u00bb{}\u00bb custom_padding__hover=\u00bb|||\u00bb][et_pb_icon font_icon=\u00bb&#xf500;||fa||900&#8243; icon_color=\u00bb#46b79c\u00bb icon_width=\u00bb4vw\u00bb icon_width_tablet=\u00bb8vw\u00bb icon_width_phone=\u00bb16vw\u00bb icon_width_last_edited=\u00bbon|phone\u00bb _builder_version=\u00bb4.25.2&#8243; _module_preset=\u00bbdefault\u00bb global_colors_info=\u00bb{}\u00bb][\/et_pb_icon][et_pb_heading title=\u00bbUnsere Kunden\u00bb _builder_version=\u00bb4.25.2&#8243; _module_preset=\u00bbdefault\u00bb title_text_align=\u00bbcenter\u00bb title_font_size=\u00bb2vw\u00bb module_alignment=\u00bbleft\u00bb hover_enabled=\u00bb0&#8243; title_font_size_tablet=\u00bb4vw\u00bb title_font_size_phone=\u00bb8vw\u00bb title_font_size_last_edited=\u00bbon|phone\u00bb global_colors_info=\u00bb{}\u00bb sticky_enabled=\u00bb0&#8243;][\/et_pb_heading][et_pb_text _builder_version=\u00bb4.25.2&#8243; _module_preset=\u00bbdefault\u00bb text_font_size=\u00bb0.9vw\u00bb text_line_height=\u00bb1.6em\u00bb hover_enabled=\u00bb0&#8243; text_font_size_tablet=\u00bb2.5vw\u00bb text_font_size_phone=\u00bb5vw\u00bb text_font_size_last_edited=\u00bbon|tablet\u00bb global_colors_info=\u00bb{}\u00bb sticky_enabled=\u00bb0&#8243;]<\/p>\n<div id=\"xs-col-e9014ef7\" class=\"fw-col-md-4     xs-sc-e9014ef7   text-center \">\n<div class=\"fw-main-row\">\n<div class=\"fw-col-inner\">\n<div class=\"ts-feature-box \">\n<div class=\"ts-feature-info\">\n<div class=\"feature-content\">\n<div class=\"blog\" role=\"main\">\n<div class=\"builder-content\">\n<div id=\"post-468\" class=\"full-width-content post-468 page type-page status-publish has-post-thumbnail hentry\">\n<div class=\"fw-page-builder-content\">\n<section id=\"xs-sec-94ea751a\" class=\"fw-main-row   xs-sc-94ea751a   \">\n<div class=\"fw-container\">\n<div class=\"fw-row\">\n<div class=\"fw-col-inner\">\n<div class=\"fw-col-inner\">\n<div class=\"fw-col-inner\">\n<div id=\"xs-col-760a101c\" class=\"fw-col-md-4     xs-sc-760a101c   text-center \">\n<div class=\"fw-main-row\">\n<div class=\"fw-col-inner\">\n<div class=\"ts-feature-box \">\n<div class=\"ts-feature-info\">\n<div class=\"feature-content\">\n<p><span>Unser Hauptziel ist die Kundenzufriedenheit &#8211; deshalb sind wir Versicherungsmakler und haben keine wirtschaftliche Verbindung zu den Gesellschaften. Wir k\u00fcmmern uns um unsere Kunden und suchen das beste Preis-Leistungs-Verh\u00e4ltnis abgestimmt auf seine Bed\u00fcrfnisse. Sie k\u00f6nnen sicher sein- bei einem Vertrag mit uns haben Sie den besten Schutz zum besten Preis und unser kompetentes Engagement f\u00fcr Sie.<\/span><\/p>\n<\/div>\n<\/div>\n<\/div>\n<\/div>\n<\/div>\n<\/div>\n<\/div>\n<\/div>\n<\/div>\n<\/div>\n<\/div>\n<\/section>\n<\/div>\n<\/div>\n<\/div>\n<\/div>\n<footer id=\"footer\" class=\"footer\"><\/footer>\n<\/div>\n<\/div>\n<\/div>\n<\/div>\n<\/div>\n<\/div>\n<div class=\"fw-col-inner\">\n<div id=\"xs-col-760a101c\" class=\"fw-col-md-4     xs-sc-760a101c   text-center \">\n<div class=\"fw-main-row\">\n<div class=\"fw-col-inner\">\n<div class=\"ts-feature-box \">\n<div class=\"ts-feature-info\"><\/div>\n<\/div>\n<\/div>\n<\/div>\n<\/div>\n<\/div>\n<p>[\/et_pb_text][\/et_pb_column][\/et_pb_row][\/et_pb_section]<\/p>\n","protected":false},"excerpt":{"rendered":"<p>Bei CBK EXPAT wissen wir, wie wichtig Ihnen Ihr Eigentum, Ihre Gesundheit und Ihre sonstigen Situationen im Alltag\u00a0 sind &#8211; deshalb widmen wir uns Tag f\u00fcr Tag dem Schutz und der Verteidigung Ihrer Interessen. Dies macht uns zum bevorzugten Versicherungsmakler in Spanien. Wir haben viele Kunden an der Costa Blanca, auf den Balearen, an der [&hellip;]<\/p>\n","protected":false},"author":1,"featured_media":0,"parent":0,"menu_order":0,"comment_status":"closed","ping_status":"closed","template":"","meta":{"_et_pb_use_builder":"on","_et_pb_old_content":"","_et_gb_content_width":"","footnotes":""},"class_list":["post-1982","page","type-page","status-publish","hentry"],"_links":{"self":[{"href":"https:\/\/cbkexpat.com\/index.php\/wp-json\/wp\/v2\/pages\/1982","targetHints":{"allow":["GET"]}}],"collection":[{"href":"https:\/\/cbkexpat.com\/index.php\/wp-json\/wp\/v2\/pages"}],"about":[{"href":"https:\/\/cbkexpat.com\/index.php\/wp-json\/wp\/v2\/types\/page"}],"author":[{"embeddable":true,"href":"https:\/\/cbkexpat.com\/index.php\/wp-json\/wp\/v2\/users\/1"}],"replies":[{"embeddable":true,"href":"https:\/\/cbkexpat.com\/index.php\/wp-json\/wp\/v2\/comments?post=1982"}],"version-history":[{"count":2,"href":"https:\/\/cbkexpat.com\/index.php\/wp-json\/wp\/v2\/pages\/1982\/revisions"}],"predecessor-version":[{"id":1985,"href":"https:\/\/cbkexpat.com\/index.php\/wp-json\/wp\/v2\/pages\/1982\/revisions\/1985"}],"wp:attachment":[{"href":"https:\/\/cbkexpat.com\/index.php\/wp-json\/wp\/v2\/media?parent=1982"}],"curies":[{"name":"wp","href":"https:\/\/api.w.org\/{rel}","templated":true}]}}